.
28
Let m = -62 + 79. Suppose 0 = -z + 1 + 1. Suppose 0*p - 272 = -z*p. What is the highest common factor of m and p?
17
Suppose 8*y - 9*y = 4*y. Suppose -4*k = 5*a - 1045, -5*k + 1304 = -y*a + 4*a. What is the highest common divisor of 104 and k?
52
Let n be 6 - (-8 + (-12)/(-4)). Let z = 18 - 8. Suppose 14 = 2*d - 5*k - 174, 5*k = z. What is the highest common factor of d and n?
11
Suppose v + 17 = 80. Suppose -17*y + 231 = -6*y. What is the highest common divisor of y and v?
21
Let x = 591 - -204. What is the greatest common divisor of 75 and x?
15
Suppose -1278 = 301*d - 310*d. Calculate the greatest common divisor of d and 213.
71
Suppose -60*a + 16*a = -1804. What is the highest common divisor of a and 779?
41
Let v be (-16008)/(-8) - -8 - 3. What is the greatest common divisor of 34 and v?
34
Let j = 237 - -307. What is the highest common divisor of j and 34?
34
Let q(y) = 5*y**2 - y - 1. Let c(p) = -21*p**2 + 3*p + 3. Let u(n) = 2*c(n) + 9*q(n). Let k be u(3). Calculate the greatest common factor of 60 and k.
15
Let l = -309 + 341. What is the greatest common factor of 56 and l?
8
Suppose -2*n - n - 3*t = 15, -3*n - 4*t = 18. Let j be n*10/(-4)*(-72)/(-120). Calculate the highest common factor of 3 and j.
3
Suppose 0 = -3*v + v + 216. Suppose -13*j + 16 = -9*j. Suppose j*q + 80 = 3*k + 2*k, 13 = -k - 5*q. What is the highest common factor of k and v?
12
Let r be ((-90)/(-75))/(2/5). Let p = 3 + 0. Suppose r*h - 1 = i - 4, 27 = 4*i + p*h. What is the highest common factor of i and 6?
6
Let z be (-7)/21*(-11 + -1). Suppose 3*s = d - s + z, -4*d + 12 = -2*s. Let f be 3/d*4 - 2. Calculate the highest common factor of f and 1.
1
Let l = -646 + 700. What is the highest common divisor of 54 and l?
54
Let b(j) = 2*j**2 - 4*j - 5. Let r be b(7). What is the greatest common factor of r and 5?
5
Let p = 6 - 2. Let h(y) = 113*y**3 - 2*y**2 + 6*y - 8. Let w be h(2). Suppose p*o - w = -o. Calculate the highest common divisor of o and 20.
20
Let y be 1/5*36*10. Suppose 6*x - 219 + 81 = 0. Suppose -22 = -q - 4*g, 5*q + 2*g = x + 69. Calculate the highest common divisor of y and q.
18
Let m(h) = -h**3 - 3*h**2 - h - 10. Let i be m(-4). What is the highest common factor of i and 22?
2
Suppose -o = o - 4*g + 4, -o = 2*g + 6. Let b be (-28)/((-2 + -1)/((-6)/o)). What is the highest common factor of 98 and b?
14
Suppose -61*y = -59*y - 5*q - 235, -2*q = -4*y + 430. Calculate the highest common factor of y and 84.
21
Suppose 28 + 14 = 5*n - 2*i, -n + 3*i = -11. Let h = -111 + 167. Suppose -3*l = 4*l - h. Calculate the greatest common divisor of l and n.
8
Suppose -156 = 8*p - 388. Calculate the highest common factor of p and 29.
29
Suppose -13 = -5*b - 3*w, 5*b = -w + 14 - 3. Suppose -5 + 3 = b*u, -2*q - u = -1353. Let r be q/5 + 6/(-15). What is the greatest common divisor of r and 15?
15
Let c(q) = -q**3 + 4*q**2 + 6*q - 16. Let l be c(-4). Calculate the greatest common factor of 8 and l.
8
Suppose 2*v = 159 + 357. Calculate the highest common divisor of v and 86.
86
Suppose -3*k = -2*x + k + 50, 86 = 2*x + 5*k. Suppose 5*y - 21 = 2*y + 3*w, 0 = 2*y + 4*w - 38. Calculate the greatest common factor of x and y.
11
Suppose 2*q + 57 = 5*q. Let z = q - 9. Let o(p) = p + 19. Let s be o(z). Calculate the highest common factor of 87 and s.
29
Let u(q) = -q**3 - 11*q**2 + 11*q - 12. Let p be u(-12). Let f = p + 6. Suppose -d = -j + f, d = -j - 3*d + 21. What is the highest common divisor of j and 99?
9
Suppose 3*c - 2*r + 23 = -32, -2*r = -2*c - 38. Let t = c + 33. Calculate the highest common divisor of t and 48.
16
Let a(n) = n**2 + 4*n + 7. Let b be a(-2). What is the highest common factor of 15 and b?
3
Let l(i) = i**3 + 3*i**2 + i - 3. Let u be ((-3)/(-5))/(1/(-5)). Let f be l(u). Let x be -3 + 28/(f/(-3)). What is the highest common divisor of x and 44?
11
Let i be (-6)/(-21) - 216/(-28). Let r(m) = m**3 - m**2 - 4*m + 12. Let l be r(0). What is the highest common divisor of i and l?
4
Let x be (1/2)/(7/(-42)). Let r = x + 5. Suppose 7*b = 5 + 9. Calculate the greatest common divisor of b and r.
2
Let z be ((-18)/(-4))/((-633)/(-210) + -3). What is the highest common factor of z and 35?
35
Suppose 3*q - 40 = 3*o + o, o = 4*q - 75. Calculate the highest common divisor of 5 and q.
5
Suppose -m + 2*r + 0*r + 6 = 0, 10 = 4*m - r. Let j be m/8*2*4. Suppose 5 = a - j. Calculate the greatest common factor of 56 and a.
7
Let m be ((-20)/(-100))/((-2)/(-10)). Calculate the greatest common factor of m and 1.
1
Let d(q) = q**3 + 69*q**2 - 219*q + 15. Let o be d(-72). What is the highest common divisor of o and 1232?
77
Let m = -48 + 68. Let y = 56 - -169. Suppose 2*d + 1090 = -i + 6*i, -y = -i - d. Calculate the highest common divisor of m and i.
20
Suppose -3 = 15*l - 18*l. What is the highest common factor of l and 16?
1
Suppose -182 = -193*i + 180*i. What is the highest common factor of 14 and i?
14
Let w be (-134)/(-12) + 10/(-60). Let j be (-32)/(-12)*6/2. Let c = 19 - j. What is the greatest common divisor of w and c?
11
Let v = 48 + -44. Let j(c) = 18*c**2 - 6*c. Let q be j(v). What is the highest common divisor of 24 and q?
24
Let q = 72 - 123. Let o = 56 + q. Calculate the highest common factor of o and 15.
5
Let r(p) = -337*p - 2. Let h be r(-2). Suppose 7*c - c = h. Calculate the greatest common factor of c and 16.
16
Let u be 2/10 - 11/55. Suppose -8 = -u*y - y. Calculate the greatest common factor of y and 24.
8
Let y be -2*4/8 - -4. Suppose -y*u + 2*u + 1 = 0. What is the greatest common divisor of u and 9?
1
Let c(p) = 8*p**2 + 0*p + 4 - 4*p - 3*p**2. Suppose -3*a = -5*l + 13, a + 8 = 2*l + 3. Let u be c(l). Calculate the highest common factor of 8 and u.
8
Let a be 50304/448 - 4/14. What is the highest common factor of 80 and a?
16
Suppose 1178 = 5*y + 4*q, 0*q + 1199 = 5*y - 3*q. What is the highest common divisor of 68 and y?
34
Suppose -6*y + 25 = 19. What is the greatest common divisor of y and 31?
1
Let n(i) = -27*i + 301. Let p be n(11). What is the greatest common factor of p and 164?
4
Suppose 2*h + 10 = 7*h, 3*h - 330 = -4*z. Calculate the greatest common factor of z and 99.
9
Let k be 2/21 - 4336/(-336). Calculate the greatest common factor of 4 and k.
1
Let t(l) be the second derivative of l**5/20 - l**4/3 + l**3/2 + 9*l**2/2 + l + 22. Let h be t(5). What is the greatest common divisor of h and 7?
7
Suppose a = -u + 9 - 4, u + 25 = 2*a. Let l = 26 - a. What is the greatest common factor of 16 and l?
16
Suppose -7*c = -4*c. Suppose 2*a - 18 = 2*p, -5*a + p + 16 + 29 = c. Suppose a*x - 11*x = -14. What is the greatest common divisor of x and 77?
7
Suppose -102 = -17*q + 68. Calculate the highest common factor of q and 15.
5
Suppose -4*i + 7*i = p + 2, 2*p + 4 = 4*i. Suppose i = 4*j - 113 - 67. Let z = 16 - 7. Calculate the greatest common factor of z and j.
9
Suppose -4*r + 6 = -38. Let x(g) = 38*g - 4135. Let h be x(112). What is the greatest common divisor of r and h?
11
Let n(r) = -5*r + 38. Let g be n(4). What is the highest common divisor of 126 and g?
18
Suppose 1638*v - 1641*v = -36. Let m(x) = 5*x + 6. Let i be m(6). What is the highest common divisor of v and i?
12
Let h be (-5)/(-10) - 6/4. Let z be -2*(0 - h)*-7. Calculate the highest common divisor of 35 and z.
7
Let v be 9*((-75)/9 - -1). Let t = 1 + 5. Let b be (t/(-9))/(4/v). What is the highest common factor of 55 and b?
11
Let i(x) = -50*x - 2. Let z be -3 - -2 - (1 + (-1 - -1)). Let c be i(z). What is the greatest common factor of 147 and c?
49
Let q = 233 - 128. Let n be ((-6)/4)/(1/(-14)). What is the highest common divisor of n and q?
21
Suppose 0 = -379*z + 370*z + 648. What is the highest common factor of z and 1116?
36
Suppose -3*c = 2*c - p - 854, 3*c - 518 = -5*p. Calculate the greatest common divisor of 38 and c.
19
Suppose 3*l - 480 = -15. What is the greatest common factor of 124 and l?
31
Suppose 4*h = 54 + 26. Suppose -1180 = -5*w - 54*w. Calculate the greatest common factor of w and h.
20
Let l(d) = d**2 + 8*d + 2. Let j be l(-6). Let c = -24 - j. Let v = c - -26. Calculate the greatest common factor of v and 108.
12
Suppose -22*t + 3929 + 2407 = 0. What is the highest common factor of t and 64?
32
Let q(r) = 139*r + 35. Let l be q(7). Calculate the greates